{"id":126,"date":"2025-01-05T13:30:38","date_gmt":"2025-01-05T12:30:38","guid":{"rendered":"https:\/\/captainpop.fr\/wordpress\/?page_id=126"},"modified":"2025-09-23T08:29:44","modified_gmt":"2025-09-23T06:29:44","slug":"spectacles-enfants","status":"publish","type":"page","link":"https:\/\/captainpop.fr\/wordpress\/rose\/concerts-spectacles\/spectacles-enfants\/","title":{"rendered":"Spectacles pour enfants"},"content":{"rendered":"\n<div class=\"wp-block-media-text has-media-on-the-right is-stacked-on-mobile has-primary-background-color has-background\" style=\"grid-template-columns:auto 40%\"><div class=\"wp-block-media-text__content\">\n<h2 class=\"wp-block-heading has-text-align-right has-pure-white-color has-text-color has-link-color wp-elements-67264397987f400b70afdf9eb3b6bbe8\">Le Voyage Pop autour du Monde<\/h2>\n<\/div><figure class=\"wp-block-media-text__media\"><img loading=\"lazy\" decoding=\"async\" width=\"1024\" height=\"1024\" src=\"https:\/\/captainpop.fr\/wordpress\/wp-content\/uploads\/2025\/02\/Firefly-Des-enfants-font-un-voyage-autour-du-monde-dans-une-montgolfiere.-28269-1024x1024.jpg\" alt=\"\" class=\"wp-image-621 size-full\" srcset=\"https:\/\/captainpop.fr\/wordpress\/wp-content\/uploads\/2025\/02\/Firefly-Des-enfants-font-un-voyage-autour-du-monde-dans-une-montgolfiere.-28269-1024x1024.jpg 1024w, https:\/\/captainpop.fr\/wordpress\/wp-content\/uploads\/2025\/02\/Firefly-Des-enfants-font-un-voyage-autour-du-monde-dans-une-montgolfiere.-28269-300x300.jpg 300w, https:\/\/captainpop.fr\/wordpress\/wp-content\/uploads\/2025\/02\/Firefly-Des-enfants-font-un-voyage-autour-du-monde-dans-une-montgolfiere.-28269-150x150.jpg 150w, https:\/\/captainpop.fr\/wordpress\/wp-content\/uploads\/2025\/02\/Firefly-Des-enfants-font-un-voyage-autour-du-monde-dans-une-montgolfiere.-28269-768x768.jpg 768w, https:\/\/captainpop.fr\/wordpress\/wp-content\/uploads\/2025\/02\/Firefly-Des-enfants-font-un-voyage-autour-du-monde-dans-une-montgolfiere.-28269-1536x1536.jpg 1536w, https:\/\/captainpop.fr\/wordpress\/wp-content\/uploads\/2025\/02\/Firefly-Des-enfants-font-un-voyage-autour-du-monde-dans-une-montgolfiere.-28269.jpg 2048w\" sizes=\"auto, (max-width: 1024px) 100vw, 1024px\" \/><\/figure><\/div>\n\n\n\n<div class=\"wp-block-columns is-layout-flex wp-container-core-columns-is-layout-28f84493 wp-block-columns-is-layout-flex\">\n<div class=\"wp-block-column is-layout-flow wp-block-column-is-layout-flow\">\n<h3 class=\"wp-block-heading has-text-align-left\">Si tu es un enfant<\/h3>\n\n\n\n<p class=\"has-text-align-left\">Viens t&rsquo;amuser avec le Captain Pop et d\u00e9couvrir en musique 4 continents diff\u00e9rents ! Gr\u00e2ce \u00e0 des moyens de transport bio et pas cher (comme la montgolfi\u00e8re, le planeur, ou le vaisseau spatial bio qui marche \u00e0 l&rsquo;\u00e9nergie sonore), tu vas te balader dans le monde entier pendant 1 heure. <\/p>\n\n\n\n<p class=\"has-text-align-left\">Un spectacle qui d\u00e9chire, avec de la musique Live et de la bonne humeur, o\u00f9 tu pourras chanter, danser, faire de la magie, et m\u00eame jouer la com\u00e9die !<\/p>\n<\/div>\n\n\n\n<div class=\"wp-block-column is-layout-flow wp-block-column-is-layout-flow\">\n<h3 class=\"wp-block-heading\">Si tu es un parent<\/h3>\n\n\n\n<p>Tu peux rester tranquille \u00e0 la maison pour souffler pendant 1 heure, ou bien accompagner ta prog\u00e9niture, et ainsi le voir s&rsquo;\u00e9clater avec ses copains, tout en travaillant sa g\u00e9ographie et ses comp\u00e9tences artistiques de base. <\/p>\n<\/div>\n<\/div>\n\n\n\n<p class=\"has-text-align-center\"><\/p>\n\n\n\n<figure class=\"wp-block-video\"><video height=\"360\" style=\"aspect-ratio: 640 \/ 360;\" width=\"640\" controls src=\"https:\/\/captainpop.fr\/wordpress\/wp-content\/uploads\/2025\/09\/Voyage-Pop-Teaser-V1.mov\"><\/video><\/figure>\n\n\n\n<hr class=\"wp-block-separator has-alpha-channel-opacity\"\/>\n\n\n\n<p class=\"has-text-align-center\"><\/p>\n\n\n\n<div class=\"wp-block-media-text has-media-on-the-right is-stacked-on-mobile has-background\" style=\"background-color:#bc936a;grid-template-columns:auto 40%\"><div class=\"wp-block-media-text__content\">\n<h2 class=\"wp-block-heading has-text-align-right has-pure-white-color has-text-color has-link-color wp-elements-ccd61abcc933163c75b5be4e1864e01b\">Princesses vs<br>Princes Charmants<\/h2>\n\n\n\n<h3 class=\"wp-block-heading has-text-align-right has-pure-white-color has-text-color has-link-color wp-elements-4dc59a9537e4dd3e39c287b9f1604151\">Une com\u00e9die participative pleine de musique, de magie, d&rsquo;humour&#8230; <br>et d&rsquo;histoires de Princesse et de Prince charmant !<\/h3>\n<\/div><figure class=\"wp-block-media-text__media\"><img loading=\"lazy\" decoding=\"async\" width=\"1024\" height=\"1024\" src=\"https:\/\/captainpop.fr\/wordpress\/wp-content\/uploads\/2025\/02\/Firefly-Une-princesse-et-un-prince-charmant-entoures-denfants-dans-un-cadre-idyllique-au-moyen-ag-1024x1024.jpg\" alt=\"\" class=\"wp-image-623 size-full\" srcset=\"https:\/\/captainpop.fr\/wordpress\/wp-content\/uploads\/2025\/02\/Firefly-Une-princesse-et-un-prince-charmant-entoures-denfants-dans-un-cadre-idyllique-au-moyen-ag-1024x1024.jpg 1024w, https:\/\/captainpop.fr\/wordpress\/wp-content\/uploads\/2025\/02\/Firefly-Une-princesse-et-un-prince-charmant-entoures-denfants-dans-un-cadre-idyllique-au-moyen-ag-300x300.jpg 300w, https:\/\/captainpop.fr\/wordpress\/wp-content\/uploads\/2025\/02\/Firefly-Une-princesse-et-un-prince-charmant-entoures-denfants-dans-un-cadre-idyllique-au-moyen-ag-150x150.jpg 150w, https:\/\/captainpop.fr\/wordpress\/wp-content\/uploads\/2025\/02\/Firefly-Une-princesse-et-un-prince-charmant-entoures-denfants-dans-un-cadre-idyllique-au-moyen-ag-768x768.jpg 768w, https:\/\/captainpop.fr\/wordpress\/wp-content\/uploads\/2025\/02\/Firefly-Une-princesse-et-un-prince-charmant-entoures-denfants-dans-un-cadre-idyllique-au-moyen-ag-1536x1536.jpg 1536w, https:\/\/captainpop.fr\/wordpress\/wp-content\/uploads\/2025\/02\/Firefly-Une-princesse-et-un-prince-charmant-entoures-denfants-dans-un-cadre-idyllique-au-moyen-ag.jpg 2048w\" sizes=\"auto, (max-width: 1024px) 100vw, 1024px\" \/><\/figure><\/div>\n\n\n\n<p><\/p>\n\n\n\n<div class=\"wp-block-media-text is-stacked-on-mobile is-vertically-aligned-center\" style=\"grid-template-columns:35% auto\"><figure class=\"wp-block-media-text__media\"><img loading=\"lazy\" decoding=\"async\" width=\"1024\" height=\"683\" src=\"https:\/\/captainpop.fr\/wordpress\/wp-content\/uploads\/2025\/01\/photos-1024x683.jpg\" alt=\"\" class=\"wp-image-177 size-full\" srcset=\"https:\/\/captainpop.fr\/wordpress\/wp-content\/uploads\/2025\/01\/photos-1024x683.jpg 1024w, https:\/\/captainpop.fr\/wordpress\/wp-content\/uploads\/2025\/01\/photos-300x200.jpg 300w, https:\/\/captainpop.fr\/wordpress\/wp-content\/uploads\/2025\/01\/photos-768x512.jpg 768w, https:\/\/captainpop.fr\/wordpress\/wp-content\/uploads\/2025\/01\/photos.jpg 1500w\" sizes=\"auto, (max-width: 1024px) 100vw, 1024px\" \/><\/figure><div class=\"wp-block-media-text__content\">\n<p>Fifi est le plus c\u00e9l\u00e8bre troubadour des rois et des reines de Rh\u00f4ne-Alpes et peut-\u00eatre m\u00eame du monde entier&#8230; Il vient conter aux enfants les histoires c\u00e9l\u00e8bres de princes et de princesses tir\u00e9es des plus grands contes et des dessins anim\u00e9s contemporains de Disney&#8230; mais de mani\u00e8re plus color\u00e9e !<\/p>\n\n\n\n<p>Avec son ukul\u00e9luth, il va transformer votre enfant en star du chobiz (chanson, magie, danse&#8230;), en r\u00e9inventant des grands mythes (Blanche Neige, Cendrillon\u2026 en passant par Aladdin et la reine des neiges)&#8230; mais en les transformant un peu.<\/p>\n\n\n\n<p>Et m\u00eame si c&rsquo;est pour le fun et le divertissement des enfants, heureusement que le Captain Pop est l\u00e0 pour aborder de mani\u00e8re sous-jacente (avec humour et finesse) des sujets sociologiques fondamentaux : l&rsquo;Amour, le Respect, la parit\u00e9 homme \/ femme, les valeurs morales.<\/p>\n<\/div><\/div>\n\n\n\n<hr class=\"wp-block-separator has-alpha-channel-opacity\"\/>\n\n\n\n<p><\/p>\n","protected":false},"excerpt":{"rendered":"<p>Le Voyage Pop autour du Monde Si tu es un enfant Viens t&rsquo;amuser avec le Captain Pop et d\u00e9couvrir en musique 4 continents diff\u00e9rents ! Gr\u00e2ce \u00e0 des moyens de transport bio et pas cher (comme la montgolfi\u00e8re, le planeur, ou le vaisseau spatial bio qui marche \u00e0 l&rsquo;\u00e9nergie sonore), tu vas te balader dans [&hellip;]<\/p>\n","protected":false},"author":2,"featured_media":621,"parent":210,"menu_order":2,"comment_status":"closed","ping_status":"closed","template":"","meta":{"footnotes":""},"class_list":["post-126","page","type-page","status-publish","has-post-thumbnail","hentry"],"_links":{"self":[{"href":"https:\/\/captainpop.fr\/wordpress\/wp-json\/wp\/v2\/pages\/126","targetHints":{"allow":["GET"]}}],"collection":[{"href":"https:\/\/captainpop.fr\/wordpress\/wp-json\/wp\/v2\/pages"}],"about":[{"href":"https:\/\/captainpop.fr\/wordpress\/wp-json\/wp\/v2\/types\/page"}],"author":[{"embeddable":true,"href":"https:\/\/captainpop.fr\/wordpress\/wp-json\/wp\/v2\/users\/2"}],"replies":[{"embeddable":true,"href":"https:\/\/captainpop.fr\/wordpress\/wp-json\/wp\/v2\/comments?post=126"}],"version-history":[{"count":27,"href":"https:\/\/captainpop.fr\/wordpress\/wp-json\/wp\/v2\/pages\/126\/revisions"}],"predecessor-version":[{"id":1224,"href":"https:\/\/captainpop.fr\/wordpress\/wp-json\/wp\/v2\/pages\/126\/revisions\/1224"}],"up":[{"embeddable":true,"href":"https:\/\/captainpop.fr\/wordpress\/wp-json\/wp\/v2\/pages\/210"}],"wp:featuredmedia":[{"embeddable":true,"href":"https:\/\/captainpop.fr\/wordpress\/wp-json\/wp\/v2\/media\/621"}],"wp:attachment":[{"href":"https:\/\/captainpop.fr\/wordpress\/wp-json\/wp\/v2\/media?parent=126"}],"curies":[{"name":"wp","href":"https:\/\/api.w.org\/{rel}","templated":true}]}}