{"id":734,"date":"2025-02-08T17:21:46","date_gmt":"2025-02-08T16:21:46","guid":{"rendered":"https:\/\/captainpop.fr\/wordpress\/?page_id=734"},"modified":"2025-05-13T12:03:33","modified_gmt":"2025-05-13T10:03:33","slug":"creation-coaching-bleu","status":"publish","type":"page","link":"https:\/\/captainpop.fr\/wordpress\/bleu\/creation-coaching-bleu\/","title":{"rendered":"Cr\u00e9ation &amp; Coaching"},"content":{"rendered":"\n<div class=\"wp-block-media-text has-media-on-the-right is-stacked-on-mobile has-secondary-background-color has-background\" style=\"grid-template-columns:auto 40%\"><div class=\"wp-block-media-text__content\">\n<h2 class=\"wp-block-heading has-text-align-right has-pure-white-color has-text-color has-link-color wp-elements-c2a5b64c43ece8e3153ab88dbabf65fb\">Et si c&rsquo;\u00e9tait possible de faire un tube ?<\/h2>\n\n\n\n<h3 class=\"wp-block-heading has-text-align-right has-pure-white-color has-text-color has-link-color wp-elements-babb52e43d7a5a9fd5dd2934bb444d54\">Entrez dans le studio d\u2019enregistrement du Captain Pop&#8230; <\/h3>\n<\/div><figure class=\"wp-block-media-text__media\"><img loading=\"lazy\" decoding=\"async\" width=\"1024\" height=\"1024\" src=\"https:\/\/captainpop.fr\/wordpress\/wp-content\/uploads\/2025\/02\/Firefly-Une-adolescente-chante-dans-sa-chambre-devant-son-miroir-en-se-prenant-pour-une-star-avec-u-1024x1024.jpg\" alt=\"\" class=\"wp-image-638 size-full\" srcset=\"https:\/\/captainpop.fr\/wordpress\/wp-content\/uploads\/2025\/02\/Firefly-Une-adolescente-chante-dans-sa-chambre-devant-son-miroir-en-se-prenant-pour-une-star-avec-u-1024x1024.jpg 1024w, https:\/\/captainpop.fr\/wordpress\/wp-content\/uploads\/2025\/02\/Firefly-Une-adolescente-chante-dans-sa-chambre-devant-son-miroir-en-se-prenant-pour-une-star-avec-u-300x300.jpg 300w, https:\/\/captainpop.fr\/wordpress\/wp-content\/uploads\/2025\/02\/Firefly-Une-adolescente-chante-dans-sa-chambre-devant-son-miroir-en-se-prenant-pour-une-star-avec-u-150x150.jpg 150w, https:\/\/captainpop.fr\/wordpress\/wp-content\/uploads\/2025\/02\/Firefly-Une-adolescente-chante-dans-sa-chambre-devant-son-miroir-en-se-prenant-pour-une-star-avec-u-768x768.jpg 768w, https:\/\/captainpop.fr\/wordpress\/wp-content\/uploads\/2025\/02\/Firefly-Une-adolescente-chante-dans-sa-chambre-devant-son-miroir-en-se-prenant-pour-une-star-avec-u-1536x1536.jpg 1536w, https:\/\/captainpop.fr\/wordpress\/wp-content\/uploads\/2025\/02\/Firefly-Une-adolescente-chante-dans-sa-chambre-devant-son-miroir-en-se-prenant-pour-une-star-avec-u.jpg 2048w\" sizes=\"auto, (max-width: 1024px) 100vw, 1024px\" \/><\/figure><\/div>\n\n\n\n<p><\/p>\n\n\n\n<div class=\"wp-block-media-text is-stacked-on-mobile\"><figure class=\"wp-block-media-text__media\"><img loading=\"lazy\" decoding=\"async\" width=\"749\" height=\"461\" src=\"https:\/\/captainpop.fr\/wordpress\/wp-content\/uploads\/2025\/01\/logic-studio-070912-2.png\" alt=\"\" class=\"wp-image-192 size-full\" srcset=\"https:\/\/captainpop.fr\/wordpress\/wp-content\/uploads\/2025\/01\/logic-studio-070912-2.png 749w, https:\/\/captainpop.fr\/wordpress\/wp-content\/uploads\/2025\/01\/logic-studio-070912-2-300x185.png 300w\" sizes=\"auto, (max-width: 749px) 100vw, 749px\" \/><\/figure><div class=\"wp-block-media-text__content\">\n<h3 class=\"wp-block-heading\">Enregistrez comme un pro<\/h3>\n\n\n\n<p><\/p>\n\n\n\n<p>&#8230; il suffit de vous \u00e9quiper de jolies lunettes roses et flashy, de chauffer vos cordes vocales et de vous l\u00e2cher devant le micro! Le Captain pop met ses comp\u00e9tences \u00e0 votre disposition pour s\u2019amuser le temps d\u2019une chanson, ou m\u00eame aller au bout d\u2019un projet artistique qui vous tient \u00e0 c\u0153ur<\/p>\n<\/div><\/div>\n\n\n\n<p><\/p>\n\n\n\n<div class=\"wp-block-columns is-layout-flex wp-container-core-columns-is-layout-28f84493 wp-block-columns-is-layout-flex\">\n<div class=\"wp-block-column is-layout-flow wp-block-column-is-layout-flow\">\n<p>En exemple, une composition personnelle du Captain Pop, enregistr\u00e9 dans son studio de Fontaines-sur-Sa\u00f4ne : \u00ab&nbsp;Embrasse-moi&nbsp;\u00bb<\/p>\n\n\n\n<figure class=\"wp-block-audio\"><audio controls src=\"https:\/\/captainpop.fr\/wordpress\/wp-content\/uploads\/2025\/02\/Embrasse-moi.mp3\"><\/audio><\/figure>\n<\/div>\n\n\n\n<div class=\"wp-block-column is-layout-flow wp-block-column-is-layout-flow\">\n<p>\u00ab&nbsp;Incontr\u00f4lable&nbsp;\u00bb, une reprise de Louane, choisie et interpr\u00e9t\u00e9e par Lilou et Lola, r\u00e9orchestr\u00e9e par Captain Pop<\/p>\n\n\n\n<figure class=\"wp-block-audio\"><audio controls src=\"https:\/\/captainpop.fr\/wordpress\/wp-content\/uploads\/2025\/01\/Incontrolables-Girls.mp3\"><\/audio><figcaption class=\"wp-element-caption\">\u00ab\u00a0Incontr\u00f4lable\u00a0\u00bb, la jeunesse de demain plus fort que \u00ab\u00a0The Voice\u00a0\u00bb<\/figcaption><\/figure>\n<\/div>\n<\/div>\n\n\n\n<hr class=\"wp-block-separator has-alpha-channel-opacity\"\/>\n\n\n\n<div class=\"wp-block-media-text has-media-on-the-right is-stacked-on-mobile has-background\" style=\"background-color:#273c53;grid-template-columns:auto 40%\"><div class=\"wp-block-media-text__content\">\n<h2 class=\"wp-block-heading has-text-align-right has-pure-white-color has-text-color has-link-color wp-elements-52b98ddd7d3268674302c2d0aeebfc12\">Coh\u00e9sion d&rsquo;\u00e9quipe en Entreprise<\/h2>\n\n\n\n<h3 class=\"wp-block-heading has-text-align-right has-pure-white-color has-text-color has-link-color wp-elements-1c6bd4259bd86983fac3c1b5b81908b3\">Atelier de cr\u00e9ation musicale de groupe<\/h3>\n<\/div><figure class=\"wp-block-media-text__media\"><img loading=\"lazy\" decoding=\"async\" width=\"1024\" height=\"1024\" src=\"https:\/\/captainpop.fr\/wordpress\/wp-content\/uploads\/2025\/02\/coaching-corporate.jpg\" alt=\"\" class=\"wp-image-1006 size-full\" srcset=\"https:\/\/captainpop.fr\/wordpress\/wp-content\/uploads\/2025\/02\/coaching-corporate.jpg 1024w, https:\/\/captainpop.fr\/wordpress\/wp-content\/uploads\/2025\/02\/coaching-corporate-300x300.jpg 300w, https:\/\/captainpop.fr\/wordpress\/wp-content\/uploads\/2025\/02\/coaching-corporate-150x150.jpg 150w, https:\/\/captainpop.fr\/wordpress\/wp-content\/uploads\/2025\/02\/coaching-corporate-768x768.jpg 768w\" sizes=\"auto, (max-width: 1024px) 100vw, 1024px\" \/><\/figure><\/div>\n\n\n\n<p>En association avec Pascale Imbert du cabinet, ITIN\u00c9RAIRES COACHING, nous proposons cet atelier dans le cadre de la th\u00e9matique de coh\u00e9sion d\u2019\u00e9quipe. Il permet au groupe et \u00e0 chacun d\u2019analyser le processus cr\u00e9atif et d\u2019atteindre plusieurs objectifs :<\/p>\n\n\n\n<ul class=\"wp-block-list\">\n<li>d\u00e9velopper l\u2019\u00e9coute<\/li>\n\n\n\n<li>jouer sur son intelligence \u00e9motionnelle<\/li>\n\n\n\n<li>collaborer, communiquer <\/li>\n\n\n\n<li> s\u2019adapter a une t\u00e2che musicale et un environnement nouveaux<\/li>\n\n\n\n<li>prendre des d\u00e9cisions artistiques <\/li>\n\n\n\n<li>l\u00e2cher prise, se lib\u00e9rer, chanter, s\u2019exposer sur ses go\u00fbts musicaux intimes <\/li>\n<\/ul>\n\n\n\n<p>\u2026 le tout dans une ambiance bienveillante, musicale, color\u00e9e\u2026 Pop !<\/p>\n\n\n\n<p> L\u2019objectif est de m\u00e9langer, adapter\u2026 Pour au final, cr\u00e9er et enregistrer une chanson, un hymne (et pourquoi pas un clip!?) en \u00ab&nbsp;faisant s\u00e9rieusement les choses sans se prendre trop au s\u00e9rieux&nbsp;\u00bb<\/p>\n\n\n\n<p><\/p>\n","protected":false},"excerpt":{"rendered":"<p>Et si c&rsquo;\u00e9tait possible de faire un tube ? Entrez dans le studio d\u2019enregistrement du Captain Pop&#8230; Enregistrez comme un pro &#8230; il suffit de vous \u00e9quiper de jolies lunettes roses et flashy, de chauffer vos cordes vocales et de vous l\u00e2cher devant le micro! Le Captain pop met ses comp\u00e9tences \u00e0 votre disposition pour [&hellip;]<\/p>\n","protected":false},"author":2,"featured_media":496,"parent":798,"menu_order":0,"comment_status":"closed","ping_status":"closed","template":"pages-bleues","meta":{"footnotes":""},"class_list":["post-734","page","type-page","status-publish","has-post-thumbnail","hentry"],"_links":{"self":[{"href":"https:\/\/captainpop.fr\/wordpress\/wp-json\/wp\/v2\/pages\/734","targetHints":{"allow":["GET"]}}],"collection":[{"href":"https:\/\/captainpop.fr\/wordpress\/wp-json\/wp\/v2\/pages"}],"about":[{"href":"https:\/\/captainpop.fr\/wordpress\/wp-json\/wp\/v2\/types\/page"}],"author":[{"embeddable":true,"href":"https:\/\/captainpop.fr\/wordpress\/wp-json\/wp\/v2\/users\/2"}],"replies":[{"embeddable":true,"href":"https:\/\/captainpop.fr\/wordpress\/wp-json\/wp\/v2\/comments?post=734"}],"version-history":[{"count":7,"href":"https:\/\/captainpop.fr\/wordpress\/wp-json\/wp\/v2\/pages\/734\/revisions"}],"predecessor-version":[{"id":1204,"href":"https:\/\/captainpop.fr\/wordpress\/wp-json\/wp\/v2\/pages\/734\/revisions\/1204"}],"up":[{"embeddable":true,"href":"https:\/\/captainpop.fr\/wordpress\/wp-json\/wp\/v2\/pages\/798"}],"wp:featuredmedia":[{"embeddable":true,"href":"https:\/\/captainpop.fr\/wordpress\/wp-json\/wp\/v2\/media\/496"}],"wp:attachment":[{"href":"https:\/\/captainpop.fr\/wordpress\/wp-json\/wp\/v2\/media?parent=734"}],"curies":[{"name":"wp","href":"https:\/\/api.w.org\/{rel}","templated":true}]}}