{"id":743,"date":"2025-02-08T17:29:34","date_gmt":"2025-02-08T16:29:34","guid":{"rendered":"https:\/\/captainpop.fr\/wordpress\/?page_id=743"},"modified":"2025-03-01T11:22:44","modified_gmt":"2025-03-01T10:22:44","slug":"votre-soiree","status":"publish","type":"page","link":"https:\/\/captainpop.fr\/wordpress\/bleu\/votre-soiree\/","title":{"rendered":"Votre soir\u00e9e"},"content":{"rendered":"\n<h2 class=\"wp-block-heading\">Dancefloor Forever<\/h2>\n\n\n\n<div class=\"wp-block-columns is-layout-flex wp-container-core-columns-is-layout-28f84493 wp-block-columns-is-layout-flex\">\n<div class=\"wp-block-column is-layout-flow wp-block-column-is-layout-flow\">\n<figure class=\"wp-block-image size-full is-resized\"><img loading=\"lazy\" decoding=\"async\" width=\"350\" height=\"262\" src=\"https:\/\/captainpop.fr\/wordpress\/wp-content\/uploads\/2025\/01\/couple_dance_in_laser350w.jpg\" alt=\"\" class=\"wp-image-289\" style=\"width:513px;height:auto\" srcset=\"https:\/\/captainpop.fr\/wordpress\/wp-content\/uploads\/2025\/01\/couple_dance_in_laser350w.jpg 350w, https:\/\/captainpop.fr\/wordpress\/wp-content\/uploads\/2025\/01\/couple_dance_in_laser350w-300x225.jpg 300w\" sizes=\"auto, (max-width: 350px) 100vw, 350px\" \/><\/figure>\n<\/div>\n\n\n\n<div class=\"wp-block-column is-layout-flow wp-block-column-is-layout-flow\">\n<figure class=\"wp-block-image size-large is-resized\"><img loading=\"lazy\" decoding=\"async\" width=\"1024\" height=\"768\" src=\"https:\/\/captainpop.fr\/wordpress\/wp-content\/uploads\/2025\/01\/exterieur-1024x768.jpg\" alt=\"\" class=\"wp-image-272\" style=\"width:508px;height:auto\" srcset=\"https:\/\/captainpop.fr\/wordpress\/wp-content\/uploads\/2025\/01\/exterieur-1024x768.jpg 1024w, https:\/\/captainpop.fr\/wordpress\/wp-content\/uploads\/2025\/01\/exterieur-300x225.jpg 300w, https:\/\/captainpop.fr\/wordpress\/wp-content\/uploads\/2025\/01\/exterieur-768x576.jpg 768w, https:\/\/captainpop.fr\/wordpress\/wp-content\/uploads\/2025\/01\/exterieur-1536x1152.jpg 1536w, https:\/\/captainpop.fr\/wordpress\/wp-content\/uploads\/2025\/01\/exterieur-2048x1536.jpg 2048w\" sizes=\"auto, (max-width: 1024px) 100vw, 1024px\" \/><\/figure>\n<\/div>\n<\/div>\n\n\n\n<p class=\"has-pure-white-background-color has-background\">Laissez-vous guider par le professionnalisme et l&rsquo;exp\u00e9rience du Captain Pop: il devient le chef d\u2019orchestre de votre soir\u00e9e: organisation, timing, support technique et mat\u00e9riel (videoprojecteur, micros, sonorisation adapt\u00e9e, light show, lunettes de stars\u2026), support artistique (accompagnement live, instruments, chor\u00e9graphies\u2026)<\/p>\n\n\n\n<hr class=\"wp-block-separator has-alpha-channel-opacity\"\/>\n\n\n\n<h2 class=\"wp-block-heading\">Animations : quand tous participent !<\/h2>\n\n\n\n<div class=\"wp-block-columns is-layout-flex wp-container-core-columns-is-layout-28f84493 wp-block-columns-is-layout-flex\">\n<div class=\"wp-block-column is-layout-flow wp-block-column-is-layout-flow\">\n<figure class=\"wp-block-image size-large\"><img loading=\"lazy\" decoding=\"async\" width=\"1024\" height=\"1024\" src=\"https:\/\/captainpop.fr\/wordpress\/wp-content\/uploads\/2025\/01\/soiree-BC-part-II-final-11-1024x1024.jpg\" alt=\"\" class=\"wp-image-288\" srcset=\"https:\/\/captainpop.fr\/wordpress\/wp-content\/uploads\/2025\/01\/soiree-BC-part-II-final-11-1024x1024.jpg 1024w, https:\/\/captainpop.fr\/wordpress\/wp-content\/uploads\/2025\/01\/soiree-BC-part-II-final-11-300x300.jpg 300w, https:\/\/captainpop.fr\/wordpress\/wp-content\/uploads\/2025\/01\/soiree-BC-part-II-final-11-150x150.jpg 150w, https:\/\/captainpop.fr\/wordpress\/wp-content\/uploads\/2025\/01\/soiree-BC-part-II-final-11-768x768.jpg 768w, https:\/\/captainpop.fr\/wordpress\/wp-content\/uploads\/2025\/01\/soiree-BC-part-II-final-11-1536x1536.jpg 1536w, https:\/\/captainpop.fr\/wordpress\/wp-content\/uploads\/2025\/01\/soiree-BC-part-II-final-11-2048x2048.jpg 2048w\" sizes=\"auto, (max-width: 1024px) 100vw, 1024px\" \/><\/figure>\n<\/div>\n\n\n\n<div class=\"wp-block-column is-layout-flow wp-block-column-is-layout-flow\">\n<figure class=\"wp-block-image size-large\"><img loading=\"lazy\" decoding=\"async\" width=\"1024\" height=\"520\" src=\"https:\/\/captainpop.fr\/wordpress\/wp-content\/uploads\/2025\/01\/julien-1024x520.jpg\" alt=\"\" class=\"wp-image-279\" srcset=\"https:\/\/captainpop.fr\/wordpress\/wp-content\/uploads\/2025\/01\/julien-1024x520.jpg 1024w, https:\/\/captainpop.fr\/wordpress\/wp-content\/uploads\/2025\/01\/julien-300x152.jpg 300w, https:\/\/captainpop.fr\/wordpress\/wp-content\/uploads\/2025\/01\/julien-768x390.jpg 768w, https:\/\/captainpop.fr\/wordpress\/wp-content\/uploads\/2025\/01\/julien-1536x780.jpg 1536w, https:\/\/captainpop.fr\/wordpress\/wp-content\/uploads\/2025\/01\/julien-2048x1040.jpg 2048w\" sizes=\"auto, (max-width: 1024px) 100vw, 1024px\" \/><\/figure>\n<\/div>\n<\/div>\n\n\n\n<h3 class=\"wp-block-heading\" style=\"border-style:none;border-width:0px\">Personnalisez votre soir\u00e9e suivant vos envies<\/h3>\n\n\n\n<ul class=\"wp-block-list\">\n<li><strong> karaoke<\/strong><\/li>\n\n\n\n<li><strong>quiz et blind test<\/strong><\/li>\n\n\n\n<li><strong>sc\u00e8ne ouverte<\/strong><\/li>\n\n\n\n<li><strong>jeux divers<\/strong> (musicaux ou non)<\/li>\n\n\n\n<li><strong>interventions diverses des invit\u00e9s<\/strong>\u2026<\/li>\n<\/ul>\n\n\n\n<div class=\"wp-block-columns is-layout-flex wp-container-core-columns-is-layout-28f84493 wp-block-columns-is-layout-flex\">\n<div class=\"wp-block-column is-layout-flow wp-block-column-is-layout-flow\">\n<figure class=\"wp-block-image size-large\"><img loading=\"lazy\" decoding=\"async\" width=\"1024\" height=\"491\" src=\"https:\/\/captainpop.fr\/wordpress\/wp-content\/uploads\/2025\/01\/IMG_20200306_150124-1-1024x491.jpg\" alt=\"\" class=\"wp-image-294\" srcset=\"https:\/\/captainpop.fr\/wordpress\/wp-content\/uploads\/2025\/01\/IMG_20200306_150124-1-1024x491.jpg 1024w, https:\/\/captainpop.fr\/wordpress\/wp-content\/uploads\/2025\/01\/IMG_20200306_150124-1-300x144.jpg 300w, https:\/\/captainpop.fr\/wordpress\/wp-content\/uploads\/2025\/01\/IMG_20200306_150124-1-768x368.jpg 768w, https:\/\/captainpop.fr\/wordpress\/wp-content\/uploads\/2025\/01\/IMG_20200306_150124-1-1536x736.jpg 1536w, https:\/\/captainpop.fr\/wordpress\/wp-content\/uploads\/2025\/01\/IMG_20200306_150124-1-2048x981.jpg 2048w\" sizes=\"auto, (max-width: 1024px) 100vw, 1024px\" \/><\/figure>\n<\/div>\n\n\n\n<div class=\"wp-block-column is-layout-flow wp-block-column-is-layout-flow\">\n<figure class=\"wp-block-image size-large is-resized\"><img loading=\"lazy\" decoding=\"async\" width=\"1024\" height=\"768\" src=\"https:\/\/captainpop.fr\/wordpress\/wp-content\/uploads\/2025\/01\/casquettes-1-1024x768.jpg\" alt=\"\" class=\"wp-image-269\" style=\"width:437px;height:auto\" srcset=\"https:\/\/captainpop.fr\/wordpress\/wp-content\/uploads\/2025\/01\/casquettes-1-1024x768.jpg 1024w, https:\/\/captainpop.fr\/wordpress\/wp-content\/uploads\/2025\/01\/casquettes-1-300x225.jpg 300w, https:\/\/captainpop.fr\/wordpress\/wp-content\/uploads\/2025\/01\/casquettes-1-768x576.jpg 768w, https:\/\/captainpop.fr\/wordpress\/wp-content\/uploads\/2025\/01\/casquettes-1-1536x1152.jpg 1536w, https:\/\/captainpop.fr\/wordpress\/wp-content\/uploads\/2025\/01\/casquettes-1-2048x1536.jpg 2048w\" sizes=\"auto, (max-width: 1024px) 100vw, 1024px\" \/><\/figure>\n<\/div>\n<\/div>\n\n\n\n<div class=\"wp-block-columns is-layout-flex wp-container-core-columns-is-layout-28f84493 wp-block-columns-is-layout-flex\">\n<div class=\"wp-block-column is-layout-flow wp-block-column-is-layout-flow\">\n<figure class=\"wp-block-image size-large\"><img loading=\"lazy\" decoding=\"async\" width=\"1739\" height=\"1217\" src=\"https:\/\/captainpop.fr\/wordpress\/wp-content\/uploads\/2025\/01\/19.07.lyon_.F.032_original-1-edited.jpg\" alt=\"\" class=\"wp-image-299\" srcset=\"https:\/\/captainpop.fr\/wordpress\/wp-content\/uploads\/2025\/01\/19.07.lyon_.F.032_original-1-edited.jpg 1739w, https:\/\/captainpop.fr\/wordpress\/wp-content\/uploads\/2025\/01\/19.07.lyon_.F.032_original-1-edited-300x210.jpg 300w, https:\/\/captainpop.fr\/wordpress\/wp-content\/uploads\/2025\/01\/19.07.lyon_.F.032_original-1-edited-1024x717.jpg 1024w, https:\/\/captainpop.fr\/wordpress\/wp-content\/uploads\/2025\/01\/19.07.lyon_.F.032_original-1-edited-768x537.jpg 768w, https:\/\/captainpop.fr\/wordpress\/wp-content\/uploads\/2025\/01\/19.07.lyon_.F.032_original-1-edited-1536x1075.jpg 1536w\" sizes=\"auto, (max-width: 1739px) 100vw, 1739px\" \/><\/figure>\n<\/div>\n\n\n\n<div class=\"wp-block-column is-layout-flow wp-block-column-is-layout-flow\">\n<figure class=\"wp-block-image size-large is-resized\"><img loading=\"lazy\" decoding=\"async\" width=\"833\" height=\"833\" src=\"https:\/\/captainpop.fr\/wordpress\/wp-content\/uploads\/2025\/01\/19.07.lyon_.Kptpop.40-1-edited-1.jpg\" alt=\"\" class=\"wp-image-300\" style=\"width:468px;height:auto\" srcset=\"https:\/\/captainpop.fr\/wordpress\/wp-content\/uploads\/2025\/01\/19.07.lyon_.Kptpop.40-1-edited-1.jpg 833w, https:\/\/captainpop.fr\/wordpress\/wp-content\/uploads\/2025\/01\/19.07.lyon_.Kptpop.40-1-edited-1-300x300.jpg 300w, https:\/\/captainpop.fr\/wordpress\/wp-content\/uploads\/2025\/01\/19.07.lyon_.Kptpop.40-1-edited-1-150x150.jpg 150w, https:\/\/captainpop.fr\/wordpress\/wp-content\/uploads\/2025\/01\/19.07.lyon_.Kptpop.40-1-edited-1-768x768.jpg 768w\" sizes=\"auto, (max-width: 833px) 100vw, 833px\" \/><\/figure>\n<\/div>\n<\/div>\n","protected":false},"excerpt":{"rendered":"<p>Dancefloor Forever Laissez-vous guider par le professionnalisme et l&rsquo;exp\u00e9rience du Captain Pop: il devient le chef d\u2019orchestre de votre soir\u00e9e: organisation, timing, support technique et mat\u00e9riel (videoprojecteur, micros, sonorisation adapt\u00e9e, light show, lunettes de stars\u2026), support artistique (accompagnement live, instruments, chor\u00e9graphies\u2026) Animations : quand tous participent ! Personnalisez votre soir\u00e9e suivant vos envies<\/p>\n","protected":false},"author":2,"featured_media":501,"parent":798,"menu_order":0,"comment_status":"closed","ping_status":"closed","template":"pages-bleues","meta":{"footnotes":""},"class_list":["post-743","page","type-page","status-publish","has-post-thumbnail","hentry"],"_links":{"self":[{"href":"https:\/\/captainpop.fr\/wordpress\/wp-json\/wp\/v2\/pages\/743","targetHints":{"allow":["GET"]}}],"collection":[{"href":"https:\/\/captainpop.fr\/wordpress\/wp-json\/wp\/v2\/pages"}],"about":[{"href":"https:\/\/captainpop.fr\/wordpress\/wp-json\/wp\/v2\/types\/page"}],"author":[{"embeddable":true,"href":"https:\/\/captainpop.fr\/wordpress\/wp-json\/wp\/v2\/users\/2"}],"replies":[{"embeddable":true,"href":"https:\/\/captainpop.fr\/wordpress\/wp-json\/wp\/v2\/comments?post=743"}],"version-history":[{"count":3,"href":"https:\/\/captainpop.fr\/wordpress\/wp-json\/wp\/v2\/pages\/743\/revisions"}],"predecessor-version":[{"id":1135,"href":"https:\/\/captainpop.fr\/wordpress\/wp-json\/wp\/v2\/pages\/743\/revisions\/1135"}],"up":[{"embeddable":true,"href":"https:\/\/captainpop.fr\/wordpress\/wp-json\/wp\/v2\/pages\/798"}],"wp:featuredmedia":[{"embeddable":true,"href":"https:\/\/captainpop.fr\/wordpress\/wp-json\/wp\/v2\/media\/501"}],"wp:attachment":[{"href":"https:\/\/captainpop.fr\/wordpress\/wp-json\/wp\/v2\/media?parent=743"}],"curies":[{"name":"wp","href":"https:\/\/api.w.org\/{rel}","templated":true}]}}